 - 11*h + 5. Let o(c) = -3*a(c) + 4*l(c). Give o(-7).
9
Suppose -3*z = 2*z + 25. Let y = 4 + z. Let k(o) = 3*o**3 - 2*o**2 - o. Calculate k(y).
-4
Let d(j) = -3*j - 5. Let u(k) = 2*k + 1. Let z(o) = d(o) + 3*u(o). Determine z(4).
10
Suppose 0 = -6*l + 4*l - 24. Suppose -w - 37 = 2*t, -t + 4*w = 3*w + 14. Let n = t - l. Let a(y) = -y**3 - 4*y**2 + 5*y + 1. What is a(n)?
1
Let p(g) = 14 + 2*g**2 - g**2 + 2*g - 5*g - 10. Let l(k) = 2*k**2 - 3*k + 2. Let n be l(2). Determine p(n).
8
Suppose 17 = 5*b + 4*y, -b = -3*b - 5*y. Suppose -4*i = 3*u - 25, 5*i - 4*i + 2 = 2*u. Let w(f) = u - 4 - b*f - 1. Give w(-2).
8
Suppose 0 = 4*g - 5 - 3. Let s be 2 + (2*-3 - g). Let j(l) = l**2 + 8*l + 7. What is j(s)?
-5
Let m(w) = w**2 + 8*w + 7. Suppose 4*f + 26 = -5*y + 3*y, -3*f + 5*y - 39 = 0. Calculate m(f).
7
Let b(f) = f**2 + 6*f + 1. Suppose 25 = 5*t - 5*a, -t = -5*a + 1 - 10. Suppose -3*j - t = 14. Determine b(j).
1
Let d(i) = 0*i**2 - 2*i**2 + 4 + 3*i**2 - 3*i - 1. Calculate d(2).
1
Let c(n) = n**2 - n - 1. Suppose 4*o - o - 6 = 0. Determine c(o).
1
Suppose -4*b = -b - 15. Let n(k) = -1 + k**3 - k**3 - k + 6*k**2 + b*k + k**3. Give n(-5).
4
Let b(n) = n**2 + 5*n + 6. Let h = -1 - -4. Suppose -h*o = -f + 10, 0 = -0*o - o - 5. Give b(f).
6
Let i be 152/(-26) - 30/195. Let n(w) = w**3 + 6*w**2 + 2*w + 1. Calculate n(i).
-11
Let p(x) = x**3 - x**2 - 4*x - 1. Let k = -54 + 51. Determine p(k).
-25
Suppose 0 = 3*w - 5*i + 27, -5*w - 4*i = -w + 4. Let f(r) = r**3 + 2*r**2 - 6*r - 4. What is f(w)?
-12
Suppose -2*z + z + 6 = 0. Suppose 12 = -3*k + 4*s, -15 = k - z*s + s. Let x(a) = 0*a**2 - a - a**2 + 0*a**2 + 6 + 0*a**2. Calculate x(k).
6
Suppose 2*n - 15 = -3*n. Let k(j) be the first derivative of -5/2*j**2 - 1 + 4/3*j**n + 4*j + 1/4*j**4. What is k(-5)?
4
Let j = 15 + -14. Let r(w) = -7*w. Give r(j).
-7
Let d(n) = 9*n + 3. Let f(i) = -22*i - 8. Let y(r) = -12*d(r) - 5*f(r). Give y(-3).
-2
Let p(j) be the first derivative of j**4/4 - j**2 + j - 1. Let g(k) = k + 1 - 6*k + k**2 - k. Let b be g(6). Give p(b).
0
Let z = -8 - -12. Let i be 1 + 0 - (-3 - -4). Let x(m) = 0*m - m**2 + 1 + m**3 - 2*m**2 + i*m**2 - 5*m. Give x(z).
-3
Let r be ((-4)/5)/(6/(-15)). Let d be (-2)/(-4) + (-3)/(-2). Let p(n) = 1 + n**d + n + 1 - 2*n - r*n. Give p(2).
0
Suppose 5*c + 3*m = -34, -c + 2*c = 2*m + 1. Let i be -1 - (1 + c*1). Let p(s) = -2*s + 3. Calculate p(i).
-3
Let w(v) = -5*v**2 + 4*v**2 - 6*v - 21 + 14. Determine w(-5).
-2
Suppose 5*o + 16 = -3*y, -6 = 2*y + 2*o + 2. Let m(t) = -3*t. Let n(a) = -a. Suppose -7 = -3*k - 25. Let x(g) = k*n(g) + m(g). Determine x(y).
-6
Let t be -6 - (9/3 - 5). Let j(y) = y**2 + 7*y + 6. Give j(t).
-6
Let p = 4 + -5. Let y = 1 + p. Let t(d) = d**2 + d. Let x(a) = 2*a**2 + 2*a + 4. Let g(s) = 3*t(s) - x(s). What is g(y)?
-4
Let o be 6/(-9) - ((-12)/9)/(-1). Let h(x) = -6*x + 2. Give h(o).
14
Let s be (-2)/(-11) - (-276)/(-66). Let l = -9 - s. Let q be ((-8)/l)/(4/10). Let r(c) = -3*c + 4. What is r(q)?
-8
Let q be (-13 - (-9)/3) + 4/1. Let c(y) = y**2 + 3*y + 5. What is c(q)?
23
Let o be 11/((-44)/8) + (-1 - 0). Let z(i) be the first derivative of i**4/4 + i**3 + 4*i + 2. Determine z(o).
4
Let j(p) be the third derivative of -p**4/24 - p**3/6 + 23*p**2. What is j(-2)?
1
Let i(o) = 5*o + 4*o + 5*o + 9 - 16*o. Determine i(7).
-5
Let m(h) = 2*h**3 + 5*h**2 + 5*h + 2. Let p be m(-2). Let o(q) = q**2 + 3*q - 5. Calculate o(p).
-1
Let s = 9 + -5. Let j = s + -2. Let b(t) = t + 1 + t**j - t - t. What is b(3)?
7
Suppose -5 = g, -3*z + 5*z = 5*g + 37. Let r(d) = -3*d + 6. What is r(z)?
-12
Let a(v) = -v**3 - 5*v**2 + 4*v - 8. Let q be a(-6). Let u(h) = 5 + 0*h**2 + 4*h**3 - 3*h**3 + 2*h + h**2 - 6*h**2. Determine u(q).
-3
Let j(l) be the third derivative of l**5/60 - l**4/6 + l**3/2 - 9*l**2. Give j(4).
3
Let d(v) = v + 2. Let r(m) = -m**2 - 8*m + 2. Let q be r(-8). Let h(z) = -z - 3. Let c(o) = q*h(o) + 3*d(o). Determine c(5).
5
Let t(m) = -34*m + 0 + 27*m + 2. Calculate t(2).
-12
Let b be ((-1)/2)/(7/14). Let i(j) = -9*j - 1. What is i(b)?
8
Let a(d) = 13*d - 33. Let w(q) = 3*q - 8. Let c(z) = -z + 2. Let p be c(-2). Suppose -t = -3*n - p*t, t = n - 4. Let v(l) = n*a(l) - 9*w(l). Give v(5).
1
Let z be (2/(-6))/(1/(-6)). Let w(f) = -4*f**3 + 7 + 8*f - f**z + 5*f**3 + 7*f**2. Let n(c) = -5*c. Let u be n(1). Determine w(u).
-8
Suppose y + 24 = -4*n, 3*y + 0*n + 2*n = -32. Let v(h) = -h**3 - 9*h**2 - 10*h - 12. Calculate v(y).
4
Let j be ((-1)/(-2))/(2/32). Let f(h) = -h + 19. Let q be f(7). Let u = j - q. Let p(r) = r**2 + 3*r - 2. Determine p(u).
2
Let k = 27 + -13. Let w(d) = 0*d**2 + 4*d - k*d**3 - 2*d**2 + 13*d**3 - 1. Suppose 8*x = 5*x - 9. Give w(x).
-4
Suppose -2*u + 4*u = 10. Suppose -5*f - 10 = -u. Let s(m) = m**3 + 2*m**2 + m + 1. Determine s(f).
1
Let g(t) = -17*t - 12 - 25*t + 43*t. Give g(0).
-12
Let v(z) = 0*z**2 - 2 - z**2 - 4*z + 1. Let i be (-5 + 8)*20/(-15). Calculate v(i).
-1
Let m(o) be the first derivative of -o**2/2 + 7*o + 4. What is m(0)?
7
Let l(z) = -z**2 - 4*z + 10. Let u be l(-6). Let s be -2 - (u - -3)*3. Let y(r) = -r**3 - 5*r**2 - 7. Determine y(s).
-7
Let c(y) be the second derivative of y**3/6 - 4*y**2 + 2*y. Let o be c(7). Let f(b) = 4*b**2 - 1. What is f(o)?
3
Let k = 3 - 0. Suppose -2*w - k*i = -6*w + 17, 0 = 3*w - 2*i - 12. Let x(s) be the third derivative of s**5/60 + s**3/3 + s**2. Determine x(w).
6
Let t(j) be the third derivative of j**4/8 - j**3/6 + 13*j**2. Determine t(-5).
-16
Let x(v) = -10*v - 6. Let w(t) = 9*t + 5. Let m(c) = -5*w(c) - 4*x(c). Let j(f) = 2*f. Let g(y) = -7*j(y) - 3*m(y). Suppose -5*d = -3*d. What is g(d)?
3
Let g(m) = -2*m**3 + 8*m**2 - 10*m + 6. Let z(w) = w**3 - 4*w**2 + 5*w - 3. Let l(c) = 4*g(c) + 9*z(c). Give l(3).
3
Let k(h) = 0 + 8 - 15 + 11 + 6*h. Let o(y) = -y - 9. Let j be o(-6). Determine k(j).
-14
Suppose -5*w + 11 = 5*i - 4, -1 = -i - 3*w. Suppose -i*f = -f, -f = -4*z. Let r(q) = -2*q**2 + 0*q - 2*q - 2 + z*q**3 + q**3. What is r(3)?
1
Let b(x) be the first derivative of -3/2*x**2 + 2*x - 4. Determine b(2).
-4
Let j(g) = -g**2 + 3*g. Suppose 3*v + 0*q - 10 = q, 2*q + 14 = 3*v. Let m be (16/3)/(v/6). Suppose -5*k + m + 19 = 5*a, -5*k + 17 = -a. Give j(a).
0
Let c = 35/264 - 1/11. Let v(w) be the third derivative of -1/6*w**3 + c*w**4 + 0 - 2*w**2 + 0*w. Give v(-3).
-4
Let g(p) be the third derivative of p**6/180 + p**5/60 - p**4/12 - 7*p**3/6 + 4*p**2. Let i(t) be the first derivative of g(t). What is i(-2)?
2
Let t(b) = b**2 - 13 + 3 + 9. Give t(3).
8
Let w(h) = -7*h - 2. Let g(n) = -9*n - 16. Let t be g(-2). Give w(t).
-16
Let v(n) be the first derivative of n**3/3 + 9*n**2/2 + 9*n - 1. Let r be v(-7). Let g(z) = 3*z + 3 + z**2 - z + 4*z. Calculate g(r).
-2
Let r(f) = 4*f**2 - 8*f - 1. Let j(o) = 5*o**2 - 9*o - 2. Let w(k) = -3*j(k) + 4*r(k). What is w(5)?
2
Let m(w) = -w + 8. Let j be m(6). Let c(q) = -q**3 - 1 + 3*q**2 + 2*q - 1 + q**j. What is c(4)?
6
Suppose 3*d = 4*k + 5, -d + 8 = -4*k - 7. Let x be (-3)/6 + k/(-2). Let h(t) = -5*t + 4*t + x*t - 4. Calculate h(4).
0
Let r(b) = b + 1. Let y be (8/(-6))/((-2)/3). Let m = 28 + -20. Suppose 4*n - 8 = 4*j, 2*n + y*j - j = -m. Determine r(n).
-1
Suppose d - z = 0, -3*d - 3*z + 0*z = 12. Let n be (d/(-6))/((-7)/21). Let q(f) = -1 - 4*f + 1 + 1. What is q(n)?
5
Let r(b) = -b**3 + 5*b**2 + 7*b + 3. Let f(s) = 3*s**3 - 9*s**2 - 15*s - 5. Let j(p) = 2*f(p) + 5*r(p). Give j(-6).
11
Let q(y) = -y + 4. Suppose -j + 1 + 3 = 0. Suppose -t = -3*t + j. Give q(t).
2
Let a(v) = v**2 - 3*v - 4. Let y be (-2)/(-6)*(11 + 4). Determine a(y).
6
Let l(m) = m**3 - 4*m**2 + m + 4. Let v(s) = s**3 + 18*s**2 - 19*s + 4. Let c be v(-19). Determine l(c).
8
Suppose 5*c - 10 = -30. Let h(r) be the third derivative of -r**6/120 - r**5/15 - 2*r**3/3 - 15*r**2. Calculate h(c).
-4
Suppose a = 5, -3*a = -3*o - 2*o - 5. Let q(w) = -2*w**3 + w**3 + 0*w**2 - w - 2 + 3*w**2 - 7*w**o. Let m = -11 - -7. Calculate q(m).
2
Let h = -7 - -10. Suppose 0 = 4*o - h*g - 26 - 0, -5*o = 4*g - 17. Let n(k) = 4 + 6 - 3 - k - o. Calculate n(-2).
4
Let m(r) = -r - 1. Suppose q = 1 + 4. Let l(j) = -j**2 + 3*j - 1. Let u be l(2). Let k(c) = 6*c + 17. Let g(w) = q*m(w) + u*k(w). Give g(-5).
7
Suppose -25*d + 30*d + 35 = 0. Let r(j) = -j**2 - 5*j + 10. What is r(d)?
-4
Suppose 30*s - 